3 - 9*w**2 + 1. What is j(y)?
1
Let y(l) = -l**2 - 14*l**2 + l**3 - 12 - 10*l + 6*l**2. Determine y(10).
-12
Let x(y) = -y**2 + 6 - 7*y**2 + y**3 - 6 - 1 + y. Determine x(8).
7
Suppose 2*k + 40 = -2*k. Let c(a) = a**3 + 9*a**2 - 7*a + 24. Let p be c(k). Let z(j) = j**3 + 5*j**2 - 7*j - 4. Calculate z(p).
2
Let v(y) = -y**2 + 16*y - 12. Let r be v(15). Let z(o) = -9 - r*o**2 + 11 - 5*o + 4*o**2. Let s = 9 - 6. Determine z(s).
-4
Let p be -4 - (4 - 5)*6. Let w(l) = 2*l - 8 + l**3 - 7*l + 7*l - 6*l**p. What is w(6)?
4
Let c(v) = 3*v**2 - v - 1. Let h = 401 - 402. Give c(h).
3
Let r(s) = -s**2 + 5*s. Suppose -9 - 8 = -3*l - 4*y, 5*l - 3*y - 9 = 0. Suppose 4*p + 13 + 34 = 5*c, 0 = 5*p + l*c + 31. Let h be (-1 + 4)*p/(-6). What is r(h)?
4
Let d(o) = 4*o**2 + o + 9. Suppose 3*g + 3 = 12. Let q(u) = -u**2 - 1. Let w(p) = g*q(p) + d(p). Suppose -4*n = -4*m + 1 + 11, -12 = m + 4*n. Give w(m).
6
Let b = 29 + -36. Let w(k) = 2*k**2 + 42*k - 23. Let d(l) = l**2 + 20*l - 11. Let r(h) = -13*d(h) + 6*w(h). Give r(b).
12
Let i be (-7)/((-14)/(-3)) - 12/(-8). Let q(w) = w + 23. What is q(i)?
23
Let k(n) = -n. Let h be 1/((-6)/(-4)) - 116/(-87). Suppose -2*f = h*c - 14, 0 = 3*c - 8 - 7. Calculate k(f).
-2
Let i(l) = 6*l**3 - 2*l - 1. Let b = -6 + 5. Give i(b).
-5
Let u(q) = 7*q**2 + 5*q + 3. Let a(x) = 6*x**2 + 4*x + 3. Let b(f) = -6*a(f) + 5*u(f). Suppose 5*g - 3*c + 1 - 28 = 0, -2*c = -2*g + 14. What is b(g)?
-9
Let r(x) = -x**2 + 6*x + 5. Suppose -4*c = -14 - 6. Suppose c*a = 35 - 15. Suppose 4*o = g - 9, -a*g - 4*o = g - 21. What is r(g)?
10
Let s(m) = -m**3 - m**2 + 2*m - 1. Let t be 13/(91/28) - (2 - -1). Give s(t).
-1
Let n = -23 - -27. Let w(c) = -17*c + n + 24*c + c**2 - 3. Give w(-6).
-5
Suppose 5*a = -0*a + 25. Let z(s) = s - a - 2*s + 2*s + 0*s. Suppose 4*f - 4*w = 0, 4*f - 35 = -w - 2*w. What is z(f)?
0
Let h(u) = -1 + 3 + 4*u**2 - 7*u**3 + u + 4*u + 8*u**3. Calculate h(-3).
-4
Let w(t) be the third derivative of t**5/60 + t**4/24 + 5*t**3/3 - 140*t**2. Suppose 3*s = 2*s. What is w(s)?
10
Suppose 3*m - 10 - 5 = 0. Let d = m + -2. Let z(b) = -3*b**2 - 2*b**d + 2*b**2 + 3*b**3 - 3 + 0*b**2 - 4*b. What is z(-2)?
-7
Let i(z) be the third derivative of -z**5/60 - z**4/3 - z**3 - 132*z**2 - 2*z. Let q be -8 - (-2)/6*3. Give i(q).
1
Let h(w) = 5*w**2 + 4 - 7*w**2 - 11*w + 9*w - 5*w**2. Let t(l) = -l**2 - 1. Let x(q) = -h(q) - 3*t(q). What is x(1)?
11
Let s = -89 + 90. Let z(u) = s + 18*u - 1 + 0. What is z(-1)?
-18
Let h(y) = y**3 + y**2 - y + 8. Let w be h(0). Let p(q) = 5*q + 3. Let k(b) = -14*b - 10. Let a(u) = w*p(u) + 3*k(u). What is a(-4)?
2
Let s(i) = i**3 + i**2 + 1. Let d be s(-2). Let v(u) = 5 + 672*u - 1 - 669*u + u**2. Give v(d).
4
Let h(j) be the third derivative of 3*j**2 + 0 + 5/6*j**3 + 0*j + 1/60*j**5 + 1/4*j**4. Give h(-6).
5
Suppose 0 = s - 2*s - 4. Let r(o) = -o - 1. Let f(x) = 3*x + 5. Let z(h) = s*r(h) - f(h). Suppose 6 = 5*q - 3*q, 3*a + 18 = q. Determine z(a).
-6
Let x(k) = -k**2 + 12*k + 1. Suppose -5*f = -3*h + 4*h - 31, 51 = 5*f - 4*h. Give x(f).
36
Let z be 4/(-1) + 3 + 3. Let h be (-2 + z/2)*0. Let d(u) = h*u + 1 + 1 + u - 4. Calculate d(5).
3
Suppose 3*v = 2 - 14. Let q be (10/v)/(4/8). Let l(p) = -p**2 - 7*p + 8. Let u(r) = -r**2 - 8*r + 9. Let f(m) = -4*l(m) + 3*u(m). Determine f(q).
0
Let o(u) = 0*u + u + 8*u**2 - 3*u + 1. Let n = -15 + 15. Suppose 2*d - 3*m = -n*d + 14, -3*d = 2*m + 5. Calculate o(d).
7
Let w(d) be the second derivative of d**4/12 + d**3 + 4*d**2 - 3*d - 2. Calculate w(-6).
8
Let d(t) = -t**2 - 6*t + 5. Let r(u) = -u**2 - u + 1. Let x(y) = -d(y) + 5*r(y). Give x(-1).
-5
Let t(d) be the third derivative of d**6/120 - d**5/6 - d**4/3 + 3*d**3/2 - 26*d**2 - 2*d. Give t(10).
-71
Suppose -1 = -2*m + 7. Suppose m = z + 3*z. Let g(o) = 1 - z - 8*o - 4 + 3. Give g(1).
-9
Suppose -d - 100 = -5*d. Let b(m) = 2*m + 34 - d + 2*m - 3*m. Give b(-11).
-2
Suppose 0 = 2*b - 5 + 17. Let d(q) = -4*q**3 + 6*q**2 - 7. Let y(u) = 5*u**3 - 6*u**2 + 7. Let c(r) = 6*d(r) + 5*y(r). Calculate c(b).
-7
Suppose -4*n = -0*u - 2*u, -2*n - 3*u = -8. Let b(o) = 5*o**2 + 5*o**2 - 2*o**3 - 2*o - 8*o**2 + 1 + 0*o**3. Determine b(n).
-1
Let q(y) = y**2 + 2*y + 1. Suppose -24 = -5*z - 9. Suppose v + 3*v + 23 = -z*a, 0 = 5*a - 2*v - 5. Calculate q(a).
0
Let m be 33/12 + 11*(-2)/(-88). Let h(p) be the second derivative of -1/6*p**m + 7*p + 0 + 2*p**2. What is h(3)?
1
Let d(q) be the first derivative of q**6/120 + q**3/2 - 3*q**2/2 + 1. Let x(z) be the second derivative of d(z). Suppose 2*n + 0*n + 4*n = 0. Determine x(n).
3
Let p(r) = 6*r**2 - 16*r + 18. Let g(k) = -k**2 + k - 2. Let c(f) = 5*g(f) + p(f). Determine c(10).
-2
Let z = -277 - -276. Let r(d) = d + 1. Calculate r(z).
0
Let k(y) = -8*y**3 + 2*y + 1. Let z be 14/6 + 13/(-39). Let x be (2/z)/((-3)/27). Let n = x - -8. Determine k(n).
7
Suppose 30 = -278*w + 283*w, 4*r + 2 = -3*w. Let l(u) = 8 - 1 - 4*u**2 + 3*u**2 - 6*u. What is l(r)?
12
Suppose 3*o = r - 16, 3*r + 2*o - 1 = 3. Let t(c) = 0*c + r + c - 4 - 6. What is t(6)?
0
Let j(m) = 7*m**3 - 11*m**2 - 2*m - 9. Let a(v) = -3*v**3 + 5*v**2 + v + 4. Let f(t) = -5*a(t) - 2*j(t). What is f(4)?
10
Suppose 0*g = g - 4*c + 4, -6 = -g - c. Suppose 3*f - 5*i + 20 = -f, i = 5*f + g. Let a(o) = -1 + o + 4 + 3. Give a(f).
6
Let y(v) = v**3 - v**2 - v - 5. Suppose -2*a = 5*h - 16 + 2, 3*a = -h + 8. Suppose h*o = -o + 5*o. Give y(o).
-5
Let x be -2*3/27 + 290/90. Let l(o) = -2 - 39*o**2 + 40*o**2 - 3*o + x*o - 4*o. Calculate l(3).
-5
Let n(g) be the third derivative of -g**5/60 - 3*g**4/8 + 5*g**3/6 - 7*g**2 - 12. Give n(-9).
5
Let p(y) = -2*y - 1. Let w(j) = 17*j. Let x be w(6). Let f be 6 - x/30 - (-6)/(-10). Determine p(f).
-5
Let k(r) = r**3 + 5*r**2 + 13*r + 38. Let l be k(-4). Let v(b) be the first derivative of 8*b - 7 + 1/2*b**l. What is v(0)?
8
Let z(b) = -2*b + 7. Let c(w) = -w + 4. Let n(p) = 7*c(p) - 4*z(p). Let s(q) = -34*q + 12. Let y be s(-7). Let g be y/40 - 1/4. Determine n(g).
6
Suppose 9 = v - 6*y + 8*y, -y + 3 = 0. Let u(m) be the second derivative of m**4/12 - m**3 + 3*m**2/2 - m. What is u(v)?
-6
Suppose -13*n + 16*n - 12 = 0. Suppose 0*l + 12 = n*l. Let a(p) = -p**2 + 5*p + 1. Determine a(l).
7
Let j be 8/28 + 90/(-21). Let h(w) = 3*w - 5. Let a(n) = 2*n - 3. Let m(z) = 7*a(z) - 4*h(z). Give m(j).
-9
Let f(w) = -w**2 - 3*w + 3. Suppose 0 = -c - 5. Suppose -3*o = 3*s - 3, -5*s + 4*o + 5 = -0*s. Let v be ((-6)/(-10))/(s/c). Determine f(v).
3
Suppose -4*z + 17 = 3*a - 22, -3*a = -5*z + 15. Let l(f) be the third derivative of f**4/24 + f**3 + f**2. Determine l(z).
12
Let d(n) = n**3 - 5*n**2 + 2*n + 3. Let t(c) = c**3 + 11*c - 2*c**3 - 13*c + 5*c**2 - 4. Let p(y) = -6*d(y) - 5*t(y). Let j = -5 + 10. What is p(j)?
-8
Let g(r) = r**3 + 10*r**2 + r + 16. Suppose 0 = -0*x + 2*x - 28. Let y be 40/(-6)*21/x. Let a be g(y). Let k(i) = 2*i - 4. Give k(a).
8
Suppose 0*t + 5*f - 121 = -2*t, t - 4*f - 67 = 0. Suppose 0 = 3*o + 6*o - t. Let b(a) = a**3 - 7*a**2 - a + 6. Give b(o).
-1
Let a(k) be the first derivative of -1/4*k**4 + 4/3*k**3 + 3*k**2 + 2*k + 1. What is a(5)?
7
Let k(p) = p**2 + p. Suppose -2*l + 14 - 38 = 0. Let t be l/(3 + 0) + 13. Suppose 0 = 6*m - t*m. Calculate k(m).
0
Suppose 3 - 1 = -2*l. Let c(x) = -x. Let f(g) = g - 1. Let a(v) = 6*c(v) - f(v). Determine a(l).
8
Let w(d) = 4*d - 1. Let p(h) = h**2 + 2*h - 1. Let f be (-1)/5 - 54/(-45). Let n be p(f). Let q be 3 + -3 + n/(-2). Calculate w(q).
-5
Let q be ((-18)/12)/(3/(-4)). Suppose 5*p - 12 = -q. Let i(u) be the first derivative of u**3 - u**2/2 - 2*u + 65. Determine i(p).
8
Let v(t) = 5 + 4 - t**2 - 2 + 6*t. Let m = 486 - 480. What is v(m)?
7
Suppose -f + 2*j + 3 = -4, 0 = -4*f + j + 35. Suppose 3*g + f = 6*g. Let s(d) = d**3 + d - 5 + d - g*d + 6*d**2. What is s(-6)?
1
Suppose 2*b + 4*v = 20, -82*b = -83*b + 5*v + 10. Let g(j) = -j**2 + 12*j - 14. What is g(b)?
6
Let a(o) = -o + 7. Let l = -75 + 42. Let k = l - -42. Calculate a(k).
-2
Let w(u) = -3 + 15*u + 10*u - 24*u. Let g be (-300)/(-21) + (-4)/14. Let l be (-26)/(-7) + 4/g. Give w(l).
1
Let x(f) = -2*f. Let q(b) = 6*b + 7. Let a(h) = -q(h) - 4*x(h). Give a(-6).
-19
Let n be -14*-3*4/42. Let m(i) = 4*i**2 - 4*i**2 + n*i - 5*i**2 + 9*i**2 + i**3. Calculate m(-3).
-3
Let x = 2939 - 2948. Let z(i) = -i**3 - 12*